n factor of 104 and 72?
8
What is the greatest common factor of 129 and 86?
43
Calculate the greatest common divisor of 22388 and 116.
116
Calculate the greatest common factor of 66 and 10362.
66
Calculate the highest common factor of 6552 and 24.
24
What is the highest common divisor of 34 and 1088?
34
Calculate the highest common factor of 60 and 21540.
60
Calculate the greatest common divisor of 230 and 161.
23
Calculate the highest common factor of 208 and 10504.
104
Calculate the greatest common factor of 30 and 12930.
30
What is the greatest common factor of 260 and 91?
13
What is the greatest common divisor of 45 and 285?
15
What is the highest common factor of 171 and 10089?
171
What is the greatest common factor of 5510 and 570?
190
Calculate the greatest common divisor of 27 and 27.
27
Calculate the greatest common divisor of 120 and 200.
40
Calculate the highest common factor of 1247 and 473.
43
What is the greatest common factor of 424 and 8?
8
Calculate the highest common factor of 19 and 95.
19
Calculate the greatest common factor of 504 and 873.
9
Calculate the greatest common factor of 33 and 187.
11
Calculate the highest common factor of 172 and 39044.
172
What is the highest common factor of 4085 and 95?
95
What is the highest common factor of 738 and 57195?
369
What is the highest common divisor of 430 and 390?
10
What is the greatest common factor of 440 and 520?
40
Calculate the highest common divisor of 1413 and 5809.
157
Calculate the highest common divisor of 304 and 38.
38
Calculate the highest common divisor of 91 and 20384.
91
What is the highest common factor of 22 and 3058?
22
What is the highest common factor of 75 and 300?
75
What is the greatest common divisor of 532 and 228?
76
Calculate the greatest common factor of 2538 and 9.
9
Calculate the greatest common factor of 8 and 74.
2
What is the greatest common divisor of 10050 and 25?
25
Calculate the greatest common factor of 858 and 4356.
66
What is the highest common divisor of 7 and 945?
7
Calculate the highest common factor of 12191 and 1503.
167
Calculate the highest common factor of 576 and 1856.
64
Calculate the greatest common divisor of 7370 and 110.
110
Calculate the greatest common divisor of 15 and 60.
15
Calculate the greatest common factor of 464 and 29.
29
What is the highest common factor of 845 and 377?
13
What is the highest common factor of 2100 and 1540?
140
Calculate the highest common factor of 19 and 703.
19
What is the highest common factor of 575 and 2225?
25
Calculate the greatest common divisor of 328 and 8200.
328
What is the greatest common factor of 21 and 2205?
21
What is the highest common divisor of 1485 and 27?
27
What is the greatest common divisor of 528 and 1672?
88
Calculate the highest common divisor of 35 and 35.
35
What is the highest common factor of 37 and 851?
37
What is the greatest common factor of 18847 and 94?
47
What is the greatest common divisor of 126 and 3507?
21
What is the greatest common factor of 961 and 62?
31
Calculate the highest common factor of 258 and 2494.
86
What is the greatest common factor of 8944 and 2288?
208
Calculate the highest common divisor of 1125 and 45.
45
Calculate the greatest common divisor of 4 and 50.
2
What is the highest common divisor of 365 and 15?
5
What is the greatest common factor of 3136 and 576?
64
Calculate the greatest common divisor of 2933 and 91.
7
Calculate the greatest common factor of 279 and 27.
9
What is the greatest common divisor of 528 and 16?
16
What is the highest common factor of 114 and 11951?
19
Calculate the greatest common factor of 280 and 680.
40
Calculate the greatest common factor of 4400 and 300.
100
Calculate the greatest common divisor of 11029 and 2959.
269
Calculate the highest common factor of 136 and 119.
17
Calculate the greatest common factor of 455 and 55.
5
What is the greatest common factor of 1333 and 2387?
31
Calculate the greatest common divisor of 537 and 895.
179
What is the greatest common divisor of 21 and 1407?
21
What is the greatest common divisor of 60 and 500?
20
What is the highest common divisor of 19 and 513?
19
What is the greatest common divisor of 15 and 5595?
15
What is the greatest common divisor of 89 and 1157?
89
Calculate the highest common divisor of 5 and 365.
5
What is the highest common divisor of 40 and 290?
10
Calculate the highest common divisor of 2 and 1466.
2
What is the highest common factor of 10 and 50?
10
Calculate the highest common divisor of 13673 and 226.
113
What is the greatest common divisor of 169 and 221?
13
What is the highest common divisor of 258 and 30?
6
Calculate the greatest common divisor of 4317 and 3.
3
What is the highest common divisor of 100 and 9050?
50
What is the highest common divisor of 90 and 10?
10
Calculate the highest common factor of 1323 and 27.
27
What is the highest common divisor of 9 and 1557?
9
Calculate the highest common factor of 20 and 10.
10
Calculate the highest common divisor of 10184 and 152.
152
Calculate the greatest common factor of 4590 and 1360.
170
What is the greatest common divisor of 17 and 7?
1
Calculate the highest common factor of 442 and 17.
17
What is the greatest common factor of 370 and 2146?
74
Calculate the highest common factor of 1359 and 2869.
151
What is the greatest common factor of 208 and 304?
16
Calculate the highest common factor of 5 and 28.
1
What is the highest common divisor of 2610 and 120?
30
Calculate the greatest common factor of 770 and 130.
10
What is the greatest common divisor of 3335 and 115?
115
Calculate the highest common factor of 74 and 3811.
37
Calculate the greatest common factor of 25 and 1775.
25
Calculate the greatest common factor of 207 and 20286.
207
Calculate the greatest common divisor of 170 and 1445.
85
What is the greatest common factor of 21 and 273?
21
What is the highest common divisor of 18 and 3438?
18
Calculate the highest common divisor of 1455 and 270.
15
What is the greatest common factor of 5841 and 236?
59
What is the highest common factor of 12 and 12?
12
What is the greatest common factor of 12 and 3?
3
What is the greatest common factor of 517 and 341?
11
Calculate the highest common divisor of 330 and 7535.
55
What is the highest common factor of 403 and 13?
13
Calculate the greatest common factor of 2576 and 1904.
112
What is the highest common divisor of 1136 and 710?
142
What is the highest common factor of 552 and 216?
24
Calculate the highest common divisor of 188 and 9964.
188
Calculate the greatest common divisor of 173 and 1903.
173
What is the greatest common factor of 10 and 730?
10
What is the greatest common factor of 31 and 13?
1
What is the highest common divisor of 90 and 72?
18
Calculate the greatest common divisor of 759 and 46.
23
Calculate the greatest common factor of 3 and 39.
3
Calculate the highest common divisor of 418 and 44.
22
What is the greatest common divisor of 1691 and 19?
19
What is the highest common factor of 481 and 259?
37
What is the greatest common factor of 1645 and 35?
35
What is the highest common factor of 282 and 24?
6
Calculate the highest common factor of 2170 and 248.
62
What is the highest common factor of 84 and 105?
21
Calculate the greatest common divisor of 15 and 555.
15
Calculate the greatest common factor of 595 and 140.
35
Calculate the greatest common factor of 8399 and 37.
37
What is the highest common factor of 54 and 5904?
18
Calculate the greatest common divisor of 171 and 153.
9
Calculate the greatest common factor of 1572 and 348.
12
Calculate the highest common divisor of 1426 and 186.
62
What is the highest common divisor of 1096 and 137?
137
What is the greatest common factor of 8 and 6152?
8
Calculate the highest common divisor of 12 and 54.
6
Calculate the highest common factor of 4719 and 99.
33
What is the highest common divisor of 26 and 208?
26
What is the highest common factor of 24 and 6420?
12
Calculate the greatest common factor of 24 and 1136.
8
What is the highest common factor of 6985 and 165?
55
Calculate the highest common divisor of 86 and 5.
1
Calculate the highest common factor of 1212 and 60.
12
Calculate the highest common factor of 9016 and 98.
98
Calculate the greatest common divisor of 180